{"id":2407,"date":"2021-06-01T10:58:35","date_gmt":"2021-06-01T08:58:35","guid":{"rendered":"http:\/\/icicestcool.org\/?page_id=2407"},"modified":"2023-12-21T16:35:40","modified_gmt":"2023-12-21T15:35:40","slug":"formations-en-region","status":"publish","type":"page","link":"https:\/\/icicestcool.org\/index.php\/formations-en-region\/","title":{"rendered":"Formations en r\u00e9gion"},"content":{"rendered":"\n<figure class=\"wp-block-image size-large\"><img loading=\"lazy\" width=\"1024\" height=\"768\" src=\"https:\/\/icicestcool.org\/wp-content\/uploads\/2021\/06\/tof_marseille-1024x768.jpg\" alt=\"\" class=\"wp-image-2494\" srcset=\"https:\/\/icicestcool.org\/wp-content\/uploads\/2021\/06\/tof_marseille-1024x768.jpg 1024w, https:\/\/icicestcool.org\/wp-content\/uploads\/2021\/06\/tof_marseille-300x225.jpg 300w, https:\/\/icicestcool.org\/wp-content\/uploads\/2021\/06\/tof_marseille-768x576.jpg 768w, https:\/\/icicestcool.org\/wp-content\/uploads\/2021\/06\/tof_marseille-1536x1152.jpg 1536w, https:\/\/icicestcool.org\/wp-content\/uploads\/2021\/06\/tof_marseille-2048x1536.jpg 2048w, https:\/\/icicestcool.org\/wp-content\/uploads\/2021\/06\/tof_marseille-1440x1080.jpg 1440w, https:\/\/icicestcool.org\/wp-content\/uploads\/2021\/06\/tof_marseille-400x300.jpg 400w\" sizes=\"(max-width: 1024px) 100vw, 1024px\" \/><\/figure>\n\n\n\n<p>Ici c&rsquo;est cool organise des formations en pr\u00e9sentiels dans plusieurs r\u00e9gions en France. Vous pouvez contacter les r\u00e9seaux r\u00e9gionaux pour pouvoir en b\u00e9n\u00e9ficier.<\/p>\n\n\n\n<div class=\"wp-block-buttons is-content-justification-center\">\n<div class=\"wp-block-button\"><a class=\"wp-block-button__link\" href=\"#descriptif-formations\">Descriptif des formations<\/a><\/div>\n\n\n\n<div class=\"wp-block-button\"><a class=\"wp-block-button__link\" href=\"#formations-region\">Formations par r\u00e9gion<\/a><\/div>\n<\/div>\n\n\n\n<h1 id=\"descriptif-formations\">DESCRIPTIF DES FORMATIONS<\/h1>\n\n\n\n<h3><strong>Ma\u00eetriser les enjeux d\u2019une communication de crise<\/strong><\/h3>\n\n\n\n<p><strong>Format : <\/strong>1 journ\u00e9e<\/p>\n\n\n\n<p><strong>Intervenant.e.s : <\/strong>Co-animation par <a href=\"https:\/\/www.tlibaert.info\/\">Thierry Libaert<\/a>, pointure de la communication de crise et pr\u00e9sident de l&rsquo;Acad\u00e9mie de la communication sensible ainsi que l&rsquo;association <a href=\"https:\/\/www.lescatherinettes.co\">Les Catherinettes<\/a> qui accompagne les structures festives et culturelles dans la mise en place de dispositifs de lutte et de pr\u00e9vention des violences sexistes et sexuelles en milieux festifs.<\/p>\n\n\n\n<p><strong>Contenu :<\/strong> Les objectifs sont de conna\u00eetre les bases de la communication de crise, ma\u00eetriser le vocabulaire sp\u00e9cifique \u00e0 utiliser, savoir r\u00e9pondre de mani\u00e8re appropri\u00e9e aux m\u00e9dias et avoir des exemples de r\u00e9ponses concr\u00e8tes \u00e0 des exp\u00e9riences d\u00e9j\u00e0 rencontr\u00e9es. Il sera propos\u00e9 un temps th\u00e9orique pour ma\u00eetriser les enjeux principaux d&rsquo;une communication en cas de crise&nbsp;ainsi qu&rsquo;un focus sur les enjeux et le bon vocabulaire \u00e0 utiliser en cas de r\u00e9v\u00e9lation d&rsquo;une violence sexiste et\/ou sexuelle.<\/p>\n\n\n\n<hr class=\"wp-block-separator\"\/>\n\n\n\n<h3><strong>Pr\u00e9vention des violences homophobes, sexistes et sexuelles<\/strong><\/h3>\n\n\n\n<p><strong>Format : <\/strong>1 journ\u00e9e<\/p>\n\n\n\n<p><strong>Intervenantes : <\/strong>Co-animation par des associations locales comme un Centre&nbsp;d&rsquo;information&nbsp;sur les&nbsp;droits&nbsp;des&nbsp;femmes&nbsp;et des&nbsp;familles&nbsp;(<a href=\"https:\/\/fncidff.info\/\">CIDFF<\/a>) ou un <a href=\"https:\/\/www.planning-familial.org\/fr\">Planning familial<\/a>.<\/p>\n\n\n\n<p><strong>Contenu :<\/strong> Cette formation a pour objectif de prendre conscience des st\u00e9r\u00e9otypes, de savoir rep\u00e9rer et nommer les comportements, attitudes et propos inappropri\u00e9s en milieu festif afin d\u2019amener \u00e0 une prise de conscience. Elle fera un focus sur les violences sexuelles et d\u00e9finira la bonne posture \u00e0 adopter, quelles sont les pistes d\u2019actions et les lieux ressources locaux.<\/p>\n\n\n\n<hr class=\"wp-block-separator\"\/>\n\n\n\n<h3><strong>Pr\u00e9vention des violences racistes en milieu festif <\/strong><\/h3>\n\n\n\n<p><strong>Format : <\/strong>1 journ\u00e9e<\/p>\n\n\n\n<p><strong>Intervenante : <\/strong>Animation par Emilie Francez, titulaire d\u2019un doctorat en anthropologie sociale et culturelle, formatrice \u00e0 <a rel=\"noreferrer noopener\" href=\"https:\/\/ethnoart.org\/\" target=\"_blank\">Ethnoart<\/a>&nbsp;une association qui d\u00e9veloppe des projets autour de l\u2019interculturalit\u00e9.<\/p>\n\n\n\n<p><strong>Contenu :<\/strong> Cette formation sera constitu\u00e9e de temps th\u00e9oriques sur les discriminations (d\u00e9finition, st\u00e9r\u00e9otypes et pr\u00e9jug\u00e9s, assignation identitaire et stigmatisation) et le racisme (d\u00e9finition, race et racisme, d\u2019o\u00f9 vient le racisme, quels sont ses h\u00e9ritages contemporains) ainsi que des temps d&rsquo;\u00e9changes de pratiques.<\/p>\n\n\n\n<hr class=\"wp-block-separator\"\/>\n\n\n\n<h3>C<strong>r\u00e9er une charte externe pour un lieu plus safe et inclusif<\/strong><\/h3>\n\n\n\n<p><strong>Format : <\/strong>1\/2 journ\u00e9e<\/p>\n\n\n\n<p><strong>Intervenante : <\/strong>Animation par l&rsquo;association <a href=\"http:\/\/consentis.info\/\">Consentis<\/a> qui promeut une&nbsp;culture du consentement&nbsp;et lutte contre les violences sexuelles dans les&nbsp;lieux festifs&nbsp;(bo\u00eetes de nuit, festivals, bars\u2026)<\/p>\n\n\n\n<p><strong>Contenu :<\/strong> Les objectifs sont d&rsquo;identifier les valeurs que l\u2019on a envie de porter au sein de son lieu, de traduire ses convictions en action&nbsp;et de mobiliser son public. C&rsquo;est un atelier pratique qui va permettre aux participant.e.s de savoir utiliser une communication inclusive et de r\u00e9diger une charte externe avec les messages \u00e0 prioriser.<\/p>\n\n\n\n<hr class=\"wp-block-separator\"\/>\n\n\n\n<h3><strong>Cr\u00e9er une d\u00e9marche globale de pr\u00e9vention<\/strong><\/h3>\n\n\n\n<p><strong>Format : <\/strong>1\/2 journ\u00e9e<\/p>\n\n\n\n<p><strong>Intervenant.e.s : <\/strong>Animation par l&rsquo;association <a href=\"https:\/\/www.lescatherinettes.co\/\">Les Catherinettes<\/a> qui accompagne les structures festives et culturelles dans la mise en place de dispositifs de lutte et de pr\u00e9vention des violences sexistes et sexuelles en milieux festifs.<\/p>\n\n\n\n<p><strong>Contenu :<\/strong> Les objectifs sont de connaitre les diff\u00e9rentes \u00e9tapes d&rsquo;un dispositif de pr\u00e9vention. C&rsquo;est un atelier pratique qui va permettre aux participant.e.s de connaitre et de r\u00e9aliser diff\u00e9rentes actions : analyse de son lieu, de ses publics, et de ses sp\u00e9cificit\u00e9s. Comment coordonner la mise en place de formations \u00e0 destination de l\u2019\u00e9quipe organisatrice du festival, des \u00e9quipes de s\u00e9curit\u00e9 ainsi que des b\u00e9n\u00e9voles ? Comment r\u00e9diger un protocole de s\u00e9curit\u00e9 ?<\/p>\n\n\n\n<hr class=\"wp-block-separator\"\/>\n\n\n\n<h3><strong>Organiser une formation flash des b\u00e9n\u00e9voles d\u2019une heure <\/strong><\/h3>\n\n\n\n<p><strong>Format : <\/strong>1\/2 journ\u00e9e<\/p>\n\n\n\n<p><strong>Intervenant.e.s : <\/strong>Animation par l&rsquo;association <a href=\"http:\/\/consentis.info\/\">Consentis <\/a>qui promeut une&nbsp;culture du consentement&nbsp;et lutte contre les violences sexuelles dans les&nbsp;lieux festifs&nbsp;(bo\u00eetes de nuit, festivals, bars\u2026)<\/p>\n\n\n\n<p><strong>Contenu :<\/strong> Les objectifs sont de s&rsquo;approprier le <a href=\"https:\/\/icicestcool.org\/index.php\/kit-mobilisation\/\">kit mobilisation<\/a> disponible sur le site internet de \u201cIci c\u2019est cool\u201d et d&rsquo;\u00eatre en capacit\u00e9 de d\u00e9livrer une formation courte \u00e0 des b\u00e9n\u00e9voles avec des contenus \u00e0 choisir ou \u00e0 encha\u00eener selon le temps dont les personnes disposent (conna\u00eetre les violences sexuelles et les 5 points du consentement, savoir accueillir la parole de la personne victime et reporter les faits de violence, participer \u00e0 une maraude contre les violences sexuelles).<\/p>\n\n\n\n<hr class=\"wp-block-separator\"\/>\n\n\n\n<h1 id=\"formations-region\">FORMATIONS PAR REGION<\/h1>\n\n\n\n<h3 id=\"block-c8b298cf-ba6a-44c6-a4de-af400d8ae989\"><strong># R\u00e9gion Auvergne-Rh\u00f4ne-Alpes<\/strong><\/h3>\n\n\n\n<p><strong>A VENIR :<\/strong> <\/p>\n\n\n\n<ul><li><\/li><\/ul>\n\n\n\n<p> <strong>FORMATION PASS\u00c9E :<\/strong> <\/p>\n\n\n\n<ul><li>\u00ab\u00a0<a href=\"http:\/\/grandbureau.fr\/agenda\/\" data-type=\"URL\">Organiser une formation flash des b\u00e9n\u00e9voles d&rsquo;une heure<\/a>\u00a0\u00bb le 10 mai 2023 en visio<\/li><li>\u00ab\u00a0<a href=\"http:\/\/grandbureau.fr\/agenda\/\" data-type=\"URL\">Organiser une formation flash des b\u00e9n\u00e9voles d&rsquo;une heure<\/a>\u00ab\u00a0, formation anim\u00e9e par Consentis, le 23 juin 2023 \u00e0 la Cordo &#8211; Romans sur Is\u00e8re (26)<\/li><\/ul>\n\n\n\n<p><strong>Contact<\/strong> : Samuel Ferreira \/ samuel.ferreira@grandbureau.fr \/ charg\u00e9 de mission sensibilisation \u00e0 <a href=\"http:\/\/grandbureau.fr\/\">Grand Bureau<\/a>. <\/p>\n\n\n\n<hr class=\"wp-block-separator\"\/>\n\n\n\n<h3 id=\"block-c8b298cf-ba6a-44c6-a4de-af400d8ae989\"><strong># R\u00e9gion Bretagne<\/strong><\/h3>\n\n\n\n<p><strong>A VENIR :<\/strong> <\/p>\n\n\n\n<ul><li><\/li><\/ul>\n\n\n\n<p> <strong>FORMATIONS PASS\u00c9ES :<\/strong> <\/p>\n\n\n\n<ul><li>\u00ab\u00a0Pr\u00e9vention des violences Pr\u00e9vention des violences racistes en milieu festif\u00a0\u00bb le 14 janvier 2022 \u00e0 Rennes<\/li><li>\u00ab\u00a0Cr\u00e9er une charte externe pour un lieu plus safe et inclusif\u00a0\u00bb le 14 janvier 2022 \u00e0 Rennes <\/li><li>\u00ab\u00a0Ma\u00eetriser les enjeux d\u2019une communication de crise\u00a0\u00bb le 15 octobre \u00e0 Rennes<\/li><li>\u00ab\u00a0<a href=\"https:\/\/www.lecollectifdesfestivals.org\/collectif\/comprendre-identifier-vss-milieux-festifs\/\" data-type=\"URL\" data-id=\"https:\/\/www.lecollectifdesfestivals.org\/collectif\/comprendre-identifier-vss-milieux-festifs\/\">Comprendre et identifier les violences sexistes et sexuelles en milieux festifs<\/a>\u00ab\u00a0, formation anim\u00e9e par Les Catherinettes, le 22 mai 2023 \u00e0 Rennes<\/li><\/ul>\n\n\n\n<p><strong>Contact<\/strong> : Alix Davasse \/ alix.davasse@lecollectifdesfestivals.org \/ charg\u00e9e de mission <a href=\"https:\/\/www.lecollectifdesfestivals.org\/collectif\/egalite-vss\/\">Stourm<\/a> &#8211; lutte contre le sexisme dans les musiques actuelles en Bretagne<\/p>\n\n\n\n<hr class=\"wp-block-separator\"\/>\n\n\n\n<h3 id=\"aquitaine\"><strong># R\u00e9gion Nouvelle Aquitaine<\/strong><\/h3>\n\n\n\n<p> <strong>FORMATIONS PASS\u00c9ES :<\/strong> <\/p>\n\n\n\n<ul><li><em>\u00ab\u00a0Organiser une formation flash des b\u00e9n\u00e9voles d\u2019une heure\u00a0\u00bb <\/em>&#8211; le 24 juin 2021 \u00e0 Bordeaux<\/li><li><em>\u00ab\u00a0Ma\u00eetriser les enjeux d\u2019une communication de crise\u00a0\u00bb <\/em>&#8211; le 6 juillet 2021 \u00e0 Bordeaux<\/li><li><em>\u00ab\u00a0Pr\u00e9vention des violences homophobes, sexistes et sexuelles\u00a0\u00bb<\/em> &#8211; le 21 et 22 octobre 2021 \u00e0 Angoul\u00eame dans le cadre du Before du <a href=\"https:\/\/icicestcool.org\/index.php\/2021\/05\/05\/au-festival-bisou-on-travaille-pour-que-les-bisous-soient-consentis\/\">festival Bisou<\/a> organis\u00e9 par la Nef.<\/li><li><em>\u00ab\u00a0Organiser une formation flash des b\u00e9n\u00e9voles d\u2019une heure\u00a0\u00bb <\/em>&#8211; le 30 novembre 2021 \u00e0 Agen dans le cadre des Routes du RIM<\/li><li><em>\u00ab\u00a0Cr\u00e9er une charte externe pour un lieu plus safe et inclusif<\/em>\u00a0\u00bb le 1er d\u00e9cembre 2021 \u00e0 Agen dans le cadre des Routes du RIM<\/li><li>\u00ab\u00a0Cr\u00e9er une charte extern<em>e pour un lieu plus safe et inclusif\u00a0\u00bb <\/em>le 4 avril 2022 \u00e0 Parthenay<\/li><\/ul>\n\n\n\n<p><strong>Contact<\/strong> : Elisa Ingargiola \/ elisa.ingargiola@le-rim.org \/ D\u00e9l\u00e9gu\u00e9e territoriale du T2 &#8211; Gironde (33) au <a href=\"https:\/\/le-rim.org\/le-rim\/\">RIM <\/a>\u2013 R\u00e9seau des Ind\u00e9pendants de la Musique Nouvelle-Aquitaine<\/p>\n\n\n\n<hr class=\"wp-block-separator\"\/>\n\n\n\n<h3><strong># R\u00e9gion Pays de la Loire<\/strong><\/h3>\n\n\n\n<p><strong>A VENIR <\/strong>:<\/p>\n\n\n\n<ul><li><\/li><\/ul>\n\n\n\n<p><strong>FORMATIONS PASS\u00c9ES :<\/strong><\/p>\n\n\n\n<ul><li><em>\u00ab\u00a0Pr\u00e9vention des violences homophobes, sexistes et sexuelles\u00a0\u00bb<\/em> (avec le CIDFF et le Planning familial) &#8211; le 3 mars 2022, au Karting \u00e0 Nantes<\/li><li>\u00ab\u00a0<em>Organiser une formation flash des b\u00e9n\u00e9voles d\u2019une heure\u00a0\u00bb<\/em> &#8211; le 26 octobre 2021 \u00e0 Chemill\u00e9 dans le cadre des RDVs du P\u00f4le.<\/li><\/ul>\n\n\n\n<ul><li><em>\u00ab\u00a0Cr\u00e9er une charte externe pour un lieu plus safe et inclusif\u00a0\u00bb <\/em>&#8211; le 21 septembre 2021 \u00e0 Nantes.<\/li><li>\u00ab\u00a0Organiser une formation flash des b\u00e9n\u00e9voles d&rsquo;une heure\u00a0\u00bb 11 avril de 14h \u00e0 18h<\/li><\/ul>\n\n\n\n<p><strong>CONTACT : <\/strong><\/p>\n\n\n\n<ul><li>C\u00e9line BINET BOS \/ celine@lepole.asso.fr\/ Charg\u00e9e d&rsquo;administration et de pr\u00e9vention des risques au <a href=\"https:\/\/lepole.asso.fr\/\">P\u00f4le<\/a> de coop\u00e9ration pour les musiques actuelles en Pays de la Loire.<\/li><\/ul>\n\n\n\n<hr class=\"wp-block-separator\"\/>\n\n\n\n<h3><strong># R\u00e9gion Grand Est<\/strong><\/h3>\n\n\n\n<p> <strong>FORMATIONS PASS\u00c9ES :<\/strong> <\/p>\n\n\n\n<ul><li><em>\u00ab\u00a0Organiser une formation flash des b\u00e9n\u00e9voles d\u2019une heure\u00a0\u00bb le 30 juillet au festival <a href=\"https:\/\/www.musiques-ici-ailleurs.com\/\">Musiques d&rsquo;ici et d&rsquo;ailleurs<\/a> \u00e0 Chalons en Champagne<\/em><\/li><li><em>\u00ab\u00a0Organiser une formation flash des b\u00e9n\u00e9voles d\u2019une heure\u00a0\u00bb<\/em> l<em>e 16 septembre \u00e0 Strasbourg<\/em><\/li><li><em>\u00ab\u00a0Ma\u00eetriser les enjeux d\u2019une communication de crise\u00a0\u00bb \u00e0 l&rsquo;automne le 17 septembre \u00e0 Strasbourg<\/em><\/li><li><em>\u00ab\u00a0Organiser une formation flash des b\u00e9n\u00e9voles d\u2019une heure\u00a0\u00bb le 8 octobre au <a href=\"https:\/\/nancyjazzpulsations.com\/\">Nancy Jazz Pulsations<\/a> \u00e0 Nancy<\/em><\/li><\/ul>\n\n\n\n<p><strong>Contact<\/strong> : Anne-Laure PRUNIER \/ pratiquesresponsables@reseaugrabuge.com \/ Charg\u00e9e de mission Pratiques Responsables \u00e0 <a href=\"https:\/\/reseaugrabuge.com\/\">Grabuge<\/a> &#8211; R\u00e9seau des musiques actuelles Grand Est<br><\/p>\n\n\n\n<hr class=\"wp-block-separator\"\/>\n\n\n\n<h3><strong># R\u00e9gion Hauts de France<\/strong><\/h3>\n\n\n\n<p> <strong>FORMATIONS PASS\u00c9ES <\/strong>: <\/p>\n\n\n\n<ul><li><em>\u00ab\u00a0<em>Sensibilisation aux violences sexistes et sexuelles en milieu festi<\/em>f \u00e0 destination des bookeur.euses et producteur.rices\u00a0\u00bb<\/em>, le 14 novembre 2023 \u00e0 Amiens<\/li><li><em>\u00ab\u00a0Organiser une formation flash des b\u00e9n\u00e9voles\u00a0\u00bb<\/em>, le 1er juin 2023 \u00e0 Lille<\/li><li><em>\u00ab\u00a0Communiquer autour des violences sexistes et sexuelles\u00a0\u00bb<\/em>, le 19 janvier 2023 \u00e0 Amiens<\/li><li><em>\u00ab\u00a0Sensibilisation aux violences sexistes et sexuelles en milieu festif\u00a0\u00bb<\/em>, le 29 novembre 2022 \u00e0 Lille<\/li><li><em>\u00ab\u00a0Sensibilisation aux violences sexistes et sexuelles en milieu festif\u00a0\u00bb<\/em>, le 24 f\u00e9vrier 2022 \u00e0 Amiens<\/li><\/ul>\n\n\n\n<p><strong>Contact<\/strong> : Anne-Laure CHABAT \/ annelaure.chabat@haute-fidelite.org&nbsp;\/ Administratrice \u00e0 HAUTE FID\u00c9LIT\u00c9 \u2013 P\u00f4le r\u00e9gional des musiques actuelles en Hauts-de-France<\/p>\n\n\n\n<hr class=\"wp-block-separator\"\/>\n\n\n\n<h3><strong># R\u00e9gion Ile-de-France<\/strong><\/h3>\n\n\n\n<p><strong>A VENIR :<\/strong><\/p>\n\n\n\n<ul><li><\/li><\/ul>\n\n\n\n<p><strong>FORMATIONS PASS\u00c9ES :<\/strong><\/p>\n\n\n\n<ul><li><em>\u00ab\u00a0Organiser une formation flash des b\u00e9n\u00e9voles d\u2019une heure\u00a0\u00bb <\/em>le 27 avril 2023<\/li><li><em>\u00ab\u00a0Ma\u00eetriser les enjeux d\u2019une communication de crise\u00a0\u00bb <\/em>&#8211; le 29 mars 2023<\/li><li><em>\u00ab\u00a0Organiser une formation flash des b\u00e9n\u00e9voles d\u2019une heure\u00a0\u00bb <\/em>le 23 juin 2021 \u00e0 <a href=\"https:\/\/www.manufacturechanson.org\/\">La Manufacture Chanson<\/a><\/li><li><em>\u00ab\u00a0Pr\u00e9vention des violences homophobes, sexistes et sexuelles\u00a0\u00bb<\/em> \u00e0 Paris au dans les bureaux d&rsquo;Opale (Paris 13) &#8211; les 4 et 5 mars 2021 <\/li><li><em>\u00ab\u00a0Pr\u00e9vention des violences homophobes, sexistes et sexuelles\u00a0\u00bb<\/em> \u00e0 Paris dans les bureaux d&rsquo;Opale (Paris 13) &#8211; le 1er juin <\/li><\/ul>\n\n\n\n<p><strong>Contact<\/strong> : Marie PONTHIEUX \/ <a href=\"mailto:marie@lerif.org\">marie@lerif.org<\/a> \/ Communication \u2013 animation territoriale 91 au <a href=\"https:\/\/www.lerif.org\/\">RIF<\/a> &#8211; R\u00e9seau des musiques actuelles en \u00cele-de-France<br><\/p>\n\n\n\n<hr class=\"wp-block-separator\"\/>\n\n\n\n<h3 id=\"block-33009874-6be5-4476-830a-1d410a9218b8\"><strong># R\u00e9gion Provence-Alpes-C\u00f4te d&rsquo;Azur<\/strong><\/h3>\n\n\n\n<p>  <strong>A VENIR :<\/strong> <\/p>\n\n\n\n<ul><li><\/li><\/ul>\n\n\n\n<p><strong>FORMATIONS PASS\u00c9ES :<\/strong> <\/p>\n\n\n\n<ul id=\"block-afdb6525-61db-4683-830b-2ffd329d867d\"><li>\u00ab\u00a0Ma\u00eetriser les enjeux d\u2019une communication de crise\u00a0\u00bb le 26 octobre (09h30-17h30) &#8211; Salle de r\u00e9union de l&rsquo;AMI, Friche Belle-de-Mai, 41 rue Jobin, 13003 Marseille<\/li><li>\u00ab\u00a0Cr\u00e9er une d\u00e9marche globale de pr\u00e9vention\u00a0\u00bb le 16 novembre (14h-18h) &#8211; Cri du Port, 8 Rue du Pasteur Heuz\u00e9, 13003 Marseille <\/li><li>\u00ab\u00a0Pr\u00e9vention des violences racistes en milieu festif\u00a0\u00bb le 29 novembre (9h30-17h30) &#8211; Salle de r\u00e9union de l&rsquo;AMI, Friche Belle-de-Mai, 41 rue Jobin, 13003 Marseille<\/li><li>\u00ab\u00a0Cr\u00e9er une charte externe pour un lieu plus safe et inclusif\u00a0\u00bb le 7 d\u00e9cembre (9h-13h) &#8211; Meson, 52 rue Consolat, 13001 Marseille.<\/li><li>\u00ab\u00a0Cr\u00e9er une charte externe pour un lieu plus safe et inclusif\u00a0\u00bb le 15 d\u00e9cembre &#8211; Le 109, 89 Route de Turin, 06300 Nice<\/li><li>\u00ab\u00a0Organiser une formation flash des b\u00e9n\u00e9voles d\u2019une heure\u00a0\u00bb le 15 d\u00e9cembre &#8211; Le 109, 89 Route de Turin, 06300 Nice<\/li><li>&nbsp;\u00ab\u00a0Organiser une formation flash des b\u00e9n\u00e9voles d\u2019une heure\u00a0\u00bb le 16 d\u00e9cembre (9h-13h) &#8211; Meson, 52 rue Consolat, 13001 Marseille.<\/li><li>\u00ab Organiser une formation flash des b\u00e9n\u00e9voles d\u2019une heure \u00bb le 13 ao\u00fbt 2021 \u00e0 Marseille qui s\u2019est faite \u00ab en intra \u00bb au sein de l\u2019association Orane.<\/li><li>&nbsp; \u00ab&nbsp;Pr\u00e9vention des violences homophobes, sexistes et sexuelles&nbsp;\u00bb : <ul><li> \u00ab&nbsp;du sexisme aux violences&nbsp;: comprendre les m\u00e9canismes&nbsp;\u00bb, anim\u00e9 par le CIDFF Phoc\u00e9en au Cabaret Al\u00e9atoire (Marseille) le 16 f\u00e9vrier 2021<\/li><li>\u00ab&nbsp;identifier, pr\u00e9venir et accompagner les situations de violences sexuelles et sexistes&nbsp;\u00bb, anim\u00e9 par le Planning Familial 13 au Cabaret Al\u00e9atoire le 16\/02 apr\u00e8s-midi,<\/li><li>\u00ab&nbsp;proposition de m\u00e9thodologie dans le traitement des agressions&nbsp;\u00bb par Budo S\u00e9curit\u00e9 au Cabaret Al\u00e9atoire, le 17\/02 au matin.<\/li><\/ul><\/li><li>\u00ab\u00a0Pr\u00e9vention des violences homophobes, sexistes et sexuelles\u00a0\u00bb : le 17 mars 2022 &#8211; Salle de r\u00e9union de l&rsquo;AMI, Friche Belle-de-Mai, 41 rue Jobin, 13003 Marseille<\/li><\/ul>\n\n\n\n<p><\/p>\n\n\n\n<p><strong>Contact<\/strong> : Valentin BOILAIT \/ reseau@le-pam.fr \/ Animateur r\u00e9seau \u00e0 <a href=\"https:\/\/www.le-pam.fr\/\">Le PAM<\/a> &#8211; P\u00f4le de coop\u00e9ration des Acteurs de la fili\u00e8re Musicale en R\u00e9gion Sud &amp; Corse<\/p>\n\n\n\n<p><\/p>\n\n\n\n<hr class=\"wp-block-separator\"\/>\n\n\n\n<h3><strong># R\u00e9gion Bourgogne-Franche-Comt\u00e9<\/strong><\/h3>\n\n\n\n<p>  <strong>A VENIR :<\/strong> <\/p>\n\n\n\n<p><\/p>\n\n\n\n<p><strong>FORMATIONS PASS\u00c9ES :<\/strong><\/p>\n\n\n\n<ul><li><em>\u00ab\u00a0Pr\u00e9vention des violences homophobes, sexistes et sexuelles\u00a0\u00bb \u00e0 Besan\u00e7on (25) au <a rel=\"noreferrer noopener\" href=\"https:\/\/www.lebastion.org\/\" target=\"_blank\">Bastion<\/a><\/em>, anim\u00e9e par le CIDFF du Doubs et l&rsquo;Association L\u00e9o Lagrange<\/li><li><em>\u00ab\u00a0Pr\u00e9vention des violences homophobes, sexistes et sexuelles\u00a0\u00bb \u00e0 M\u00e2con (71) \u00e0 <a rel=\"noreferrer noopener\" href=\"http:\/\/www.arrosoir.org\/\" target=\"_blank\">l&rsquo;Arrosoir<\/a><\/em>, anim\u00e9e le CIDFF de Sa\u00f4ne-et-Loire et le Planning Familial de Sa\u00f4ne-et-Loire<\/li><li>&nbsp;<em>\u00ab\u00a0Organiser une formation flash des b\u00e9n\u00e9voles d&rsquo;une heure<\/em>\u00a0\u00bb &#8211; Jeudi 6 avril, de 14h \u00e0 18h, en visio, anim\u00e9e par Consentis <\/li><\/ul>\n\n\n\n<p><strong>Contact<\/strong> : Astrid CHEVALIER \/ astrid@femabfc.org \/ Communication &amp; Ressource \u00e0 la f\u00e9ma &#8211; f\u00e9d\u00e9ration musiques actuelles Bourgogne-Franche-Comt\u00e9<br><\/p>\n\n\n\n<p><br><\/p>\n","protected":false},"excerpt":{"rendered":"<p>Ici c&rsquo;est cool organise des formations en pr\u00e9sentiels dans plusieurs r\u00e9gions en France. Vous pouvez contacter les r\u00e9seaux r\u00e9gionaux pour pouvoir en b\u00e9n\u00e9ficier. DESCRIPTIF DES FORMATIONS Ma\u00eetriser les enjeux d\u2019une communication de crise Format : 1 journ\u00e9e Intervenant.e.s : Co-animation par Thierry Libaert, pointure de la communication de crise et pr\u00e9sident de l&rsquo;Acad\u00e9mie de la&hellip; <br \/> <a class=\"read-more\" href=\"https:\/\/icicestcool.org\/index.php\/formations-en-region\/\">Lire la suite<\/a><\/p>\n","protected":false},"author":1,"featured_media":0,"parent":0,"menu_order":0,"comment_status":"closed","ping_status":"closed","template":"","meta":[],"_links":{"self":[{"href":"https:\/\/icicestcool.org\/index.php\/wp-json\/wp\/v2\/pages\/2407"}],"collection":[{"href":"https:\/\/icicestcool.org\/index.php\/wp-json\/wp\/v2\/pages"}],"about":[{"href":"https:\/\/icicestcool.org\/index.php\/wp-json\/wp\/v2\/types\/page"}],"author":[{"embeddable":true,"href":"https:\/\/icicestcool.org\/index.php\/wp-json\/wp\/v2\/users\/1"}],"replies":[{"embeddable":true,"href":"https:\/\/icicestcool.org\/index.php\/wp-json\/wp\/v2\/comments?post=2407"}],"version-history":[{"count":74,"href":"https:\/\/icicestcool.org\/index.php\/wp-json\/wp\/v2\/pages\/2407\/revisions"}],"predecessor-version":[{"id":2988,"href":"https:\/\/icicestcool.org\/index.php\/wp-json\/wp\/v2\/pages\/2407\/revisions\/2988"}],"wp:attachment":[{"href":"https:\/\/icicestcool.org\/index.php\/wp-json\/wp\/v2\/media?parent=2407"}],"curies":[{"name":"wp","href":"https:\/\/api.w.org\/{rel}","templated":true}]}}