{"id":2596,"date":"2021-10-06T15:45:15","date_gmt":"2021-10-06T13:45:15","guid":{"rendered":"http:\/\/icicestcool.org\/?page_id=2596"},"modified":"2023-02-07T11:44:05","modified_gmt":"2023-02-07T10:44:05","slug":"rencontres-nationales","status":"publish","type":"page","link":"https:\/\/icicestcool.org\/index.php\/rencontres-nationales\/","title":{"rendered":"JOURNEE NATIONALE"},"content":{"rendered":"\n<h1>JOURN\u00c9E NATIONALE \u00ab\u00a0ICI C&rsquo;EST COOL !\u00a0\u00bb<\/h1>\n\n\n\n<h1>LE LUNDI 22 NOVEMBRE A MONTREUIL (93)<\/h1>\n\n\n\n<h1><\/h1>\n\n\n\n<p><\/p>\n\n\n\n<h1>PR\u00c9SENTATION DES RENCONTRES<\/h1>\n\n\n\n<p>\/\/ A quelques jours du 25&nbsp;novembre \u2013 <em>Journ\u00e9e internationale pour l\u2019\u00e9limination de la violence \u00e0 l\u2019\u00e9gard des femmes<\/em> \u2013 La campagne \u00ab&nbsp;Ici c\u2019est cool&nbsp;\u2013 Ne laissons pas la violence pourrir l\u2019ambiance&nbsp;! \u00bb organise une journ\u00e9e nationale de rencontres entre toutes les partie-prenantes de la campagne&nbsp;: acteurs associatifs et institutionnels, prestataires et partenaires, \u00e9quipes des festivals et des salles de concerts\u2026 Toutes celles et tous ceux qui prennent l\u2019initiative d\u2019agir contre les violences sexuelles et sexistes, racistes et homophobes dans les lieux et \u00e9v\u00e8nements festifs en France.<\/p>\n\n\n\n<p><strong><strong>\/\/ Partager un temps convivial, se d\u00e9couvrir, s\u2019informer, partager des exp\u00e9riences et des outils, monter en comp\u00e9tences et r\u00e9fl\u00e9chir \u00e0 la structuration et \u00e0 l\u2019\u00e9volution de la campagne \u00ab&nbsp;Ici c\u2019est cool&nbsp;\u00bb pour les ann\u00e9es \u00e0 venir\u2026 Voici les objectifs principaux de cette journ\u00e9e \u00e0 laquelle nous vous invitons<\/strong><\/strong>.<\/p>\n\n\n\n<h5><\/h5>\n\n\n\n<hr class=\"wp-block-separator\"\/>\n\n\n\n<h1>INFORMATIONS PRATIQUES<\/h1>\n\n\n\n<p><strong>Lieu :<\/strong>&nbsp;<strong><a href=\"https:\/\/www.maisonpop.fr\/plan-d-acces\">MAISON POP<\/a><\/strong><br><em>9 bis rue Dombasle \u2013 93100 Montreuil \u2013 M\u00e9tro Ligne 9 \u00ab&nbsp;Mairie de Montreuil&nbsp;\u00bb.<\/em><\/p>\n\n\n\n<p><strong>Horaires<\/strong> :  09h45 \u00e0 17h. <\/p>\n\n\n\n<p><strong>A faire ce week-end :<\/strong> La formation a lieu un lundi pour vous permettre de passer un week-end \u00e0 Paris pour celles et ceux qui le souhaitent. Le festival <a href=\"https:\/\/lfsm.net\/\">Les femmes s&rsquo;en m\u00ealent<\/a> proposent des concerts \u00e0 Paris les 19, 20 et 22 novembre. Le collectif <a href=\"https:\/\/www.noustoutes.org\/marche-du-20-novembre-2021\/\">#Noustoutes <\/a>organise une marche contre les violences sexistes et sexuelles le samedi 20 novembre.<\/p>\n\n\n\n<p><strong>Contact : <\/strong>Lucie Groussin \/ 06 73 34 61 85 \/ devenirpartenaire@icicestcool.org<\/p>\n\n\n\n<hr class=\"wp-block-separator\"\/>\n\n\n\n<h1><strong>INSCRIVEZ-VOUS <\/strong><\/h1>\n\n\n\n<div class=\"wp-block-buttons\">\n<div class=\"wp-block-button\"><a class=\"wp-block-button__link\" href=\"https:\/\/docs.google.com\/forms\/d\/e\/1FAIpQLSfIS9EBQL8lPWGzszoV792mMcaAPpRDzpIrIoPnFLRxUktbQg\/viewform?usp=sf_link\">S&rsquo;INSCRIRE AUX RENCONTRES<\/a><\/div>\n<\/div>\n\n\n\n<hr class=\"wp-block-separator\"\/>\n\n\n\n<h1 id=\"descriptif-formations\">PROGRAMME<\/h1>\n\n\n\n<h5>  <\/h5>\n\n\n\n<h5>                                                                                                                                                                                                                                                                         <\/h5>\n\n\n\n<p><strong>9h45 : Accueil<\/strong> avec affichage collaboratif<\/p>\n\n\n\n<ul><li><em>Pauline GACON<\/em>, directrice de la <a href=\"https:\/\/www.maisonpop.fr\/\">Maison Populaire<\/a><\/li><li><em>Vianney MARZIN, <\/em>directeur du <a href=\"https:\/\/lepole.asso.fr\/\">P\u00f4le<\/a> de coop\u00e9ration pour les musiques actuelles en Pays de la Loire,<\/li><\/ul>\n\n\n\n<p><strong>10h-10h30 : Temps d\u2019ouverture et d\u2019inter-connaissances<\/strong><\/p>\n\n\n\n<p>Animation&nbsp;:<\/p>\n\n\n\n<ul><li><em>Lucie GROUSSIN<\/em>, coordinatrice nationale de la campagne \u00ab Ici c\u2019est cool \u00bb<\/li><li><em>Marie LAROCHE,<\/em> consultante sp\u00e9cialis\u00e9e en intelligence collective, animatrice et facilitatrice de la journ\u00e9e \u2013 <a href=\"https:\/\/lessinspirantes.org\/\">L\u2019ESS Inspirantes<\/a><\/li><\/ul>\n\n\n\n<p><strong>10h30-10h50 : Pr\u00e9sentation de l\u2019enqu\u00eate de Camille <em>CONTR\u00c9<\/em><\/strong><\/p>\n\n\n\n<p><strong>\u00ab Pr\u00e9vention et prise en charge des violences sexistes et sexuelles en milieu festif \u00bb<\/strong><\/p>\n\n\n\n<ul><li><em>Camille CONTR\u00c9,<\/em> conseill\u00e8re conjugale et familiale, animatrice de pr\u00e9vention au <a href=\"https:\/\/www.planning-familial.org\/fr\/le-planning-familial-de-gironde-33\">Planning familial Gironde<\/a> et membre de Nuit-sible<\/li><\/ul>\n\n\n\n<p><strong>10h50-11h15 : <strong>Pr\u00e9sentation et bilan par le CNM (Centre National de la Musique)&nbsp;du dispositif d\u2019aide aux projets en faveur de l\u2019\u00e9galit\u00e9 femmes-hommes<\/strong><\/strong><\/p>\n\n\n\n<ul><li><em>Alessandra ANDOUARD<\/em>, Charg\u00e9e de coordination, <a href=\"https:\/\/cnm.fr\/sujet\/egalite-femmes-hommes\/\">Egalit\u00e9 Femmes\/Hommes<\/a> et Europe au Centre National de la Musique<\/li><\/ul>\n\n\n\n<p><strong>11h30-13h : Ateliers de r\u00e9flexion et d\u2019\u00e9changes de pratiques<\/strong><\/p>\n\n\n\n<p><em>Choix de 2 ateliers sur les 4 propos\u00e9s \u2013 Chaque atelier dure 45 min avec en introduction une pr\u00e9sentation d\u2019un projet concret.<\/em><\/p>\n\n\n\n<p><strong>Atelier 1. Cr\u00e9er une campagne de communication inclusive<\/strong> <\/p>\n\n\n\n<p>Pr\u00e9sentation du <a href=\"https:\/\/bouilloncube.fr\/actions-culturelles-et-transversales\/prevention-sexisme\/\">KIF<\/a> (Kit inclusif et festif) par Bouillon cube, un tiers-lieu implant\u00e9 en milieu rural \u00e0 Causse-de-la-Selle (Occitanie)<\/p>\n\n\n\n<ul><li><em>Elsa ALPHON-LAYRE , <\/em>charg\u00e9e de production, festival des <a href=\"https:\/\/www.tradhivernales.com\/\">Trad&rsquo;hivernales <\/a>\u00e0 Sommi\u00e8res&nbsp;(Occitanie)<\/li><li><em>Julia BAILLY DU BOIS<\/em>, Charg\u00e9e de Projet Coop\u00e9ration et \u00c9galit\u00e9 \u00e0 <a href=\"https:\/\/bouilloncube.fr\/\">Bouillon cube<\/a> (Occitanie)<\/li><\/ul>\n\n\n\n<p><strong>Atelier 2<\/strong>. <strong>Mener une politique de pr\u00e9vention \u00e0 360 degr\u00e9<\/strong><\/p>\n\n\n\n<p>Pr\u00e9sentation de <a href=\"https:\/\/espace-safer.com\/\">SAFER<\/a> &#8211; Application d\u2019alerte et de campagnes de sensibilisation de lutte contre les violences sexuelles en milieu festif, Marseille (PACA)<\/p>\n\n\n\n<ul><li><em>Marc BRIELLES<\/em>, Coordination nationale chez&nbsp;SAFER<\/li><\/ul>\n\n\n\n<p><strong>Atelier 3. Cr\u00e9er une zone \u00ab safe \u00bb<\/strong><\/p>\n\n\n\n<p>Pr\u00e9sentation du dispositif ZONE SAFE du <a href=\"https:\/\/hadratrancefestival.net\/fr\/nos-valeurs\/#bienveillance\">Hadra Trance festival<\/a> \u00e0 Vieure en Auvergne-Rh\u00f4ne-Alpes qui a exp\u00e9riment\u00e9 une zone \u201csafe\u201d en non-mixit\u00e9&nbsp;et de l&rsquo;association les <a href=\"http:\/\/lesimpudentes.fr\/\">Impudentes<\/a> &#8211; association bretonne de pr\u00e9vention contre les violences sexistes et sexuelles en milieu festif &#8211; qui a g\u00e9r\u00e9 des zones \u00ab\u00a0safe\u00a0\u00bb.<\/p>\n\n\n\n<ul><li><em>Emilie ANGENIEUX<\/em>, Directrice du Hadra Trance Festival<\/li><li>L<em>ucie BONNARD<\/em>, charg\u00e9e de communication au Hadra Trance Festival<\/li><li><em>Prunelle<\/em>, Association Les Impudentes membre de Nuit-sible<\/li><li><em>Alice COURTEILLE<\/em>, Association Les Impudentes membre de Nuit-sible<\/li><\/ul>\n\n\n\n<p><strong>Atelier 4<\/strong>. <strong>Quelles formations pour les \u00e9quipes et le public ?<\/strong><\/p>\n\n\n\n<p>Pr\u00e9sentation des formations de lutte contre les violences sexistes et sexuelles en milieu festif initi\u00e9es au d\u00e9part par le <a href=\"https:\/\/fncidff.info\/\">Centre national d&rsquo;information sur les droits des femmes et des familles<\/a> en Pays de la Loire<\/p>\n\n\n\n<ul><li><em>Anne LE MEUR<\/em>, Directrice\/Coordinatrice R\u00e9gionale, CIDFF Pays de la Loire<\/li><li><em>L\u00e9na\u00efg LE FOUILL\u00c9<\/em>, Juriste, CIDFF Pays de la Loire<\/li><\/ul>\n\n\n\n<hr class=\"wp-block-separator\"\/>\n\n\n\n<p><strong>13h-14h30 : Pause d\u00e9jeuner<\/strong> (traiteur v\u00e9g\u00e9tarien sur place)<\/p>\n\n\n\n<p>Possibilit\u00e9 d&rsquo;une visite guid\u00e9e de l&rsquo;exposition <a href=\"https:\/\/www.maisonpop.fr\/systm-soupir\">\u00ab\u00a0SYSTM SOUPIR\u00a0\u00bb<\/a> de Lou Masduraud par<em> Juliette Gard\u00e9<\/em>, m\u00e9diatrice du Centre d\u2019art <\/p>\n\n\n\n<hr class=\"wp-block-separator\"\/>\n\n\n\n<p><strong>14h30-15h30 : Table-ronde <strong>\u00ab Quelles articulations entre les violences sexistes et racistes dans les espaces festifs ?<\/strong> \u00bb <\/strong><\/p>\n\n\n\n<p><em>Un temps de r\u00e9flexion et de pr\u00e9sentation de festivals et d&rsquo;associations qui ont r\u00e9fl\u00e9chi sur l&rsquo;organisation d&rsquo;\u00e9v\u00e9nements les plus inclusifs possibles.<\/em><\/p>\n\n\n\n<ul><li>B\u00e9atrice Desgranges, directrice du festival <a href=\"https:\/\/marsatac.com\/\">Marsatac<\/a><\/li><li>Samuel de Bo\u00fcard, Responsable communication-partenariats du festival <a href=\"https:\/\/www.festival-les-escales.com\/\">les Escales<\/a><\/li><li>Safiatou Mendy, Charg\u00e9e de pr\u00e9vention, association <a href=\"https:\/\/enavanttoutes.fr\/\">En avant toute(s)<\/a><\/li><li>Nora Youcefi, co-fondatrice du festival \u00e9co-f\u00e9ministe <a href=\"https:\/\/www.facebook.com\/La-S%C3%A8ve-107662194693277\/\">La S\u00e8ve<\/a><\/li><\/ul>\n\n\n\n<p><strong>15h30-16h45 : Ateliers de r\u00e9flexion <strong><strong>\u00ab<\/strong><\/strong><\/strong> <strong>Dessinons ensemble l\u2019avenir de la campagne \u00ab Ici c\u2019est cool ! \u00bb<\/strong><\/p>\n\n\n\n<p><em>Un temps en collectif pour r\u00e9fl\u00e9chir sur l\u2019\u00e9tat des lieux, faire \u00e9merger des propositions et dessiner les perspectives le la campagne \u00ab\u00a0Ici c&rsquo;est cool !\u00a0\u00bb anim\u00e9 par Marie Laroche<\/em>. <\/p>\n\n\n\n<p>L&rsquo;id\u00e9e est de r\u00e9fl\u00e9chir sur plusieurs th\u00e8mes comme l&rsquo;\u00e9volution de la campagne de communication avec l&rsquo;agence de communication <a href=\"http:\/\/www.adamytes.fr\/\">Adamytes<\/a> qui a cr\u00e9\u00e9 la campagne, identifier de nouveaux th\u00e8mes de formation, de nouvelles fiches pratiques, quels outils de communication internes entre adh\u00e9rentes de la campagne ?&#8230;<\/p>\n\n\n\n<ul><li><em>Marie LAROCHE,<\/em> experte en intelligence collective<\/li><\/ul>\n\n\n\n<p><strong>16h45-17h : Mot de la fin&nbsp;<\/strong><\/p>\n","protected":false},"excerpt":{"rendered":"<p>JOURN\u00c9E NATIONALE \u00ab\u00a0ICI C&rsquo;EST COOL !\u00a0\u00bb LE LUNDI 22 NOVEMBRE A MONTREUIL (93) PR\u00c9SENTATION DES RENCONTRES \/\/ A quelques jours du 25&nbsp;novembre \u2013 Journ\u00e9e internationale pour l\u2019\u00e9limination de la violence \u00e0 l\u2019\u00e9gard des femmes \u2013 La campagne \u00ab&nbsp;Ici c\u2019est cool&nbsp;\u2013 Ne laissons pas la violence pourrir l\u2019ambiance&nbsp;! \u00bb organise une journ\u00e9e nationale de rencontres entre&hellip; <br \/> <a class=\"read-more\" href=\"https:\/\/icicestcool.org\/index.php\/rencontres-nationales\/\">Lire la suite<\/a><\/p>\n","protected":false},"author":1,"featured_media":0,"parent":0,"menu_order":0,"comment_status":"closed","ping_status":"closed","template":"","meta":[],"_links":{"self":[{"href":"https:\/\/icicestcool.org\/index.php\/wp-json\/wp\/v2\/pages\/2596"}],"collection":[{"href":"https:\/\/icicestcool.org\/index.php\/wp-json\/wp\/v2\/pages"}],"about":[{"href":"https:\/\/icicestcool.org\/index.php\/wp-json\/wp\/v2\/types\/page"}],"author":[{"embeddable":true,"href":"https:\/\/icicestcool.org\/index.php\/wp-json\/wp\/v2\/users\/1"}],"replies":[{"embeddable":true,"href":"https:\/\/icicestcool.org\/index.php\/wp-json\/wp\/v2\/comments?post=2596"}],"version-history":[{"count":66,"href":"https:\/\/icicestcool.org\/index.php\/wp-json\/wp\/v2\/pages\/2596\/revisions"}],"predecessor-version":[{"id":2896,"href":"https:\/\/icicestcool.org\/index.php\/wp-json\/wp\/v2\/pages\/2596\/revisions\/2896"}],"wp:attachment":[{"href":"https:\/\/icicestcool.org\/index.php\/wp-json\/wp\/v2\/media?parent=2596"}],"curies":[{"name":"wp","href":"https:\/\/api.w.org\/{rel}","templated":true}]}}

<h1>JOURNÉE NATIONALE « ICI C&rsquo;EST COOL ! »</h1>



<h1>LE LUNDI 22 NOVEMBRE A MONTREUIL (93)</h1>



<h1></h1>



<p></p>



<h1>PRÉSENTATION DES RENCONTRES</h1>



<p>// A quelques jours du 25&nbsp;novembre – <em>Journée internationale pour l’élimination de la violence à l’égard des femmes</em> – La campagne «&nbsp;Ici c’est cool&nbsp;– Ne laissons pas la violence pourrir l’ambiance&nbsp;! » organise une journée nationale de rencontres entre toutes les partie-prenantes de la campagne&nbsp;: acteurs associatifs et institutionnels, prestataires et partenaires, équipes des festivals et des salles de concerts… Toutes celles et tous ceux qui prennent l’initiative d’agir contre les violences sexuelles et sexistes, racistes et homophobes dans les lieux et évènements festifs en France.</p>



<p><strong><strong>// Partager un temps convivial, se découvrir, s’informer, partager des expériences et des outils, monter en compétences et réfléchir à la structuration et à l’évolution de la campagne «&nbsp;Ici c’est cool&nbsp;» pour les années à venir… Voici les objectifs principaux de cette journée à laquelle nous vous invitons</strong></strong>.</p>



<h5></h5>



<hr class="wp-block-separator"/>



<h1>INFORMATIONS PRATIQUES</h1>



<p><strong>Lieu :</strong>&nbsp;<strong><a href="https://www.maisonpop.fr/plan-d-acces">MAISON POP</a></strong><br><em>9 bis rue Dombasle – 93100 Montreuil – Métro Ligne 9 «&nbsp;Mairie de Montreuil&nbsp;».</em></p>



<p><strong>Horaires</strong> :  09h45 à 17h. </p>



<p><strong>A faire ce week-end :</strong> La formation a lieu un lundi pour vous permettre de passer un week-end à Paris pour celles et ceux qui le souhaitent. Le festival <a href="https://lfsm.net/">Les femmes s&rsquo;en mêlent</a> proposent des concerts à Paris les 19, 20 et 22 novembre. Le collectif <a href="https://www.noustoutes.org/marche-du-20-novembre-2021/">#Noustoutes </a>organise une marche contre les violences sexistes et sexuelles le samedi 20 novembre.</p>



<p><strong>Contact : </strong>Lucie Groussin / 06 73 34 61 85 / devenirpartenaire@icicestcool.org</p>



<hr class="wp-block-separator"/>



<h1><strong>INSCRIVEZ-VOUS </strong></h1>



<div class="wp-block-buttons">
<div class="wp-block-button"><a class="wp-block-button__link" href="https://docs.google.com/forms/d/e/1FAIpQLSfIS9EBQL8lPWGzszoV792mMcaAPpRDzpIrIoPnFLRxUktbQg/viewform?usp=sf_link">S&rsquo;INSCRIRE AUX RENCONTRES</a></div>
</div>



<hr class="wp-block-separator"/>



<h1 id="descriptif-formations">PROGRAMME</h1>



<h5>  </h5>



<h5>                                                                                                                                                                                                                                                                         </h5>



<p><strong>9h45 : Accueil</strong> avec affichage collaboratif</p>



<ul><li><em>Pauline GACON</em>, directrice de la <a href="https://www.maisonpop.fr/">Maison Populaire</a></li><li><em>Vianney MARZIN, </em>directeur du <a href="https://lepole.asso.fr/">Pôle</a> de coopération pour les musiques actuelles en Pays de la Loire,</li></ul>



<p><strong>10h-10h30 : Temps d’ouverture et d’inter-connaissances</strong></p>



<p>Animation&nbsp;:</p>



<ul><li><em>Lucie GROUSSIN</em>, coordinatrice nationale de la campagne « Ici c’est cool »</li><li><em>Marie LAROCHE,</em> consultante spécialisée en intelligence collective, animatrice et facilitatrice de la journée – <a href="https://lessinspirantes.org/">L’ESS Inspirantes</a></li></ul>



<p><strong>10h30-10h50 : Présentation de l’enquête de Camille <em>CONTRÉ</em></strong></p>



<p><strong>« Prévention et prise en charge des violences sexistes et sexuelles en milieu festif »</strong></p>



<ul><li><em>Camille CONTRÉ,</em> conseillère conjugale et familiale, animatrice de prévention au <a href="https://www.planning-familial.org/fr/le-planning-familial-de-gironde-33">Planning familial Gironde</a> et membre de Nuit-sible</li></ul>



<p><strong>10h50-11h15 : <strong>Présentation et bilan par le CNM (Centre National de la Musique)&nbsp;du dispositif d’aide aux projets en faveur de l’égalité femmes-hommes</strong></strong></p>



<ul><li><em>Alessandra ANDOUARD</em>, Chargée de coordination, <a href="https://cnm.fr/sujet/egalite-femmes-hommes/">Egalité Femmes/Hommes</a> et Europe au Centre National de la Musique</li></ul>



<p><strong>11h30-13h : Ateliers de réflexion et d’échanges de pratiques</strong></p>



<p><em>Choix de 2 ateliers sur les 4 proposés – Chaque atelier dure 45 min avec en introduction une présentation d’un projet concret.</em></p>



<p><strong>Atelier 1. Créer une campagne de communication inclusive</strong> </p>



<p>Présentation du <a href="https://bouilloncube.fr/actions-culturelles-et-transversales/prevention-sexisme/">KIF</a> (Kit inclusif et festif) par Bouillon cube, un tiers-lieu implanté en milieu rural à Causse-de-la-Selle (Occitanie)</p>



<ul><li><em>Elsa ALPHON-LAYRE , </em>chargée de production, festival des <a href="https://www.tradhivernales.com/">Trad&rsquo;hivernales </a>à Sommières&nbsp;(Occitanie)</li><li><em>Julia BAILLY DU BOIS</em>, Chargée de Projet Coopération et Égalité à <a href="https://bouilloncube.fr/">Bouillon cube</a> (Occitanie)</li></ul>



<p><strong>Atelier 2</strong>. <strong>Mener une politique de prévention à 360 degré</strong></p>



<p>Présentation de <a href="https://espace-safer.com/">SAFER</a> &#8211; Application d’alerte et de campagnes de sensibilisation de lutte contre les violences sexuelles en milieu festif, Marseille (PACA)</p>



<ul><li><em>Marc BRIELLES</em>, Coordination nationale chez&nbsp;SAFER</li></ul>



<p><strong>Atelier 3. Créer une zone « safe »</strong></p>



<p>Présentation du dispositif ZONE SAFE du <a href="https://hadratrancefestival.net/fr/nos-valeurs/#bienveillance">Hadra Trance festival</a> à Vieure en Auvergne-Rhône-Alpes qui a expérimenté une zone “safe” en non-mixité&nbsp;et de l&rsquo;association les <a href="http://lesimpudentes.fr/">Impudentes</a> &#8211; association bretonne de prévention contre les violences sexistes et sexuelles en milieu festif &#8211; qui a géré des zones « safe ».</p>



<ul><li><em>Emilie ANGENIEUX</em>, Directrice du Hadra Trance Festival</li><li>L<em>ucie BONNARD</em>, chargée de communication au Hadra Trance Festival</li><li><em>Prunelle</em>, Association Les Impudentes membre de Nuit-sible</li><li><em>Alice COURTEILLE</em>, Association Les Impudentes membre de Nuit-sible</li></ul>



<p><strong>Atelier 4</strong>. <strong>Quelles formations pour les équipes et le public ?</strong></p>



<p>Présentation des formations de lutte contre les violences sexistes et sexuelles en milieu festif initiées au départ par le <a href="https://fncidff.info/">Centre national d&rsquo;information sur les droits des femmes et des familles</a> en Pays de la Loire</p>



<ul><li><em>Anne LE MEUR</em>, Directrice/Coordinatrice Régionale, CIDFF Pays de la Loire</li><li><em>Lénaïg LE FOUILLÉ</em>, Juriste, CIDFF Pays de la Loire</li></ul>



<hr class="wp-block-separator"/>



<p><strong>13h-14h30 : Pause déjeuner</strong> (traiteur végétarien sur place)</p>



<p>Possibilité d&rsquo;une visite guidée de l&rsquo;exposition <a href="https://www.maisonpop.fr/systm-soupir">« SYSTM SOUPIR »</a> de Lou Masduraud par<em> Juliette Gardé</em>, médiatrice du Centre d’art </p>



<hr class="wp-block-separator"/>



<p><strong>14h30-15h30 : Table-ronde <strong>« Quelles articulations entre les violences sexistes et racistes dans les espaces festifs ?</strong> » </strong></p>



<p><em>Un temps de réflexion et de présentation de festivals et d&rsquo;associations qui ont réfléchi sur l&rsquo;organisation d&rsquo;événements les plus inclusifs possibles.</em></p>



<ul><li>Béatrice Desgranges, directrice du festival <a href="https://marsatac.com/">Marsatac</a></li><li>Samuel de Boüard, Responsable communication-partenariats du festival <a href="https://www.festival-les-escales.com/">les Escales</a></li><li>Safiatou Mendy, Chargée de prévention, association <a href="https://enavanttoutes.fr/">En avant toute(s)</a></li><li>Nora Youcefi, co-fondatrice du festival éco-féministe <a href="https://www.facebook.com/La-S%C3%A8ve-107662194693277/">La Sève</a></li></ul>



<p><strong>15h30-16h45 : Ateliers de réflexion <strong><strong>«</strong></strong></strong> <strong>Dessinons ensemble l’avenir de la campagne « Ici c’est cool ! »</strong></p>



<p><em>Un temps en collectif pour réfléchir sur l’état des lieux, faire émerger des propositions et dessiner les perspectives le la campagne « Ici c&rsquo;est cool ! » animé par Marie Laroche</em>. </p>



<p>L&rsquo;idée est de réfléchir sur plusieurs thèmes comme l&rsquo;évolution de la campagne de communication avec l&rsquo;agence de communication <a href="http://www.adamytes.fr/">Adamytes</a> qui a créé la campagne, identifier de nouveaux thèmes de formation, de nouvelles fiches pratiques, quels outils de communication internes entre adhérentes de la campagne ?&#8230;</p>



<ul><li><em>Marie LAROCHE,</em> experte en intelligence collective</li></ul>



<p><strong>16h45-17h : Mot de la fin&nbsp;</strong></p>

<p>JOURNÉE NATIONALE « ICI C&rsquo;EST COOL ! » LE LUNDI 22 NOVEMBRE A MONTREUIL (93) PRÉSENTATION DES RENCONTRES // A quelques jours du 25&nbsp;novembre – Journée internationale pour l’élimination de la violence à l’égard des femmes – La campagne «&nbsp;Ici c’est cool&nbsp;– Ne laissons pas la violence pourrir l’ambiance&nbsp;! » organise une journée nationale de rencontres entre&hellip; <br /> <a class="read-more" href="https://icicestcool.org/index.php/rencontres-nationales/">Lire la suite</a></p>
